units digit of u?
5
Let a(s) = -37*s + 10. What is the hundreds digit of a(-5)?
1
Suppose 0 = 5*w + 23 + 7. Let d(h) = h**3 + 7*h**2 + 2*h + 9. What is the units digit of d(w)?
3
Let q(n) = 10*n**2 + n - 4. What is the tens digit of q(-3)?
8
Let p = 122 + -60. What is the tens digit of p?
6
Let o = -10 - -27. Suppose 4*b - 9 = 5*y + 56, -b = -y - o. What is the units digit of b?
0
Suppose 1 = 9*p - 8*p. What is the units digit of p?
1
Suppose 4*w = -t + 146, -6*w + 2*t = -w - 176. Suppose w = 3*b - 60. What is the units digit of b?
2
What is the tens digit of (-2)/6 + 927/27?
3
Let b(l) be the second derivative of l**4/12 - l**3/3 - l**2/2 + 6*l. What is the tens digit of b(-3)?
1
Let l(n) = 9*n + 3*n - 4*n. What is the units digit of l(1)?
8
Suppose 3*k - 430 = k. What is the tens digit of k?
1
Let a(c) = -c**2 + c - 1. Let u(g) = 5*g. Let k(o) = -2*a(o) - u(o). What is the tens digit of k(5)?
1
What is the units digit of 53 + (-2 - (-3 + 3))?
1
Suppose 0 = 8*y - 14*y + 444. What is the units digit of y?
4
Suppose -5*k + 38 = 13. What is the units digit of k?
5
What is the units digit of -3 + 3 + -3 - -117?
4
What is the units digit of (-6)/(((-4)/(-10))/(-1))?
5
Let f(d) = d**2 + 9*d + 6. What is the units digit of f(-10)?
6
Let w be -9 + 6 - (-2)/2. Suppose 0 = -2*g + 3*g - 3. Let m = g + w. What is the units digit of m?
1
Let i(w) = -w + 22. Suppose 0*d = -2*d + 28. What is the units digit of i(d)?
8
Let g(v) = v**2 - 7*v + 2. Let o be g(7). Suppose 3*d - 3 = 2*p, o*d - 1 = 1. Suppose -4*z = -3*n + 32, 2*z + 0 + 4 = p. What is the units digit of n?
8
Let c(i) = -i. Let h be c(-1). Suppose -1 - h = -2*j. What is the units digit of j?
1
Suppose 508 = 5*l + 58. What is the tens digit of l?
9
Let r(a) = 2*a**2 + 4*a - 1. Let i = -13 - -16. What is the units digit of r(i)?
9
Let o(j) be the second derivative of j**5/20 - 7*j**4/12 + j**3 + j**2/2 - 3*j. Let s be (6/(-9))/(1/(-9)). What is the units digit of o(s)?
1
Suppose -a - 4*h + h = -14, -2*a - 2*h = -48. What is the tens digit of a?
2
Let x(y) = y**3 - 10*y**2 - y - 13. Let i be x(11). Suppose 4*h - i = -41. What is the tens digit of h?
1
Suppose 67 = 3*r + 13. What is the units digit of r?
8
Suppose -9 = -5*f + 11. Suppose f*r - 13 - 10 = 3*j, -5*r + 2*j = -27. Suppose -w + r = 2*a, -4*w + 6 = 4*a + 2. What is the units digit of a?
4
Let j = 4 - 13. Let u = j + 5. What is the units digit of 3*2/u*-2?
3
Let h(q) = -q**2 - q. Let f be h(-1). Suppose -2*g + 2*s + 23 + 5 = f, 0 = -4*g + 2*s + 56. What is the units digit of g?
4
Let s = 31 - 13. What is the units digit of s?
8
Let p be (-2)/(-1 + -1) - 2. What is the tens digit of (1/p)/((-9)/135)?
1
What is the units digit of (38/(-8))/(3/(-12))?
9
What is the units digit of 3/(-21) - (-330)/7?
7
Suppose -2*z + 5*o = -7*z + 10, -2*z - 4*o = 0. Let n = z + -4. Let v(c) = -c**2 + 4. What is the units digit of v(n)?
4
Let j = -33 - -62. What is the units digit of j?
9
Let v(p) = 5*p**3 - p + 2. Let r be v(2). Suppose -5*b + r = -2*k, -2*b - 5*k + 65 = 2*b. What is the tens digit of b?
1
Suppose -5*v + 10*v - 30 = 0. What is the units digit of ((-408)/(-18))/(4/v)?
4
Let c(w) = w**3 - 4*w + 4. Let a be c(3). Suppose 0 = 5*g + a - 94. What is the units digit of g?
5
Suppose 5*h - 2*v + 5 = -7*v, 4*v + 20 = 0. Suppose 0 = 4*w + h*j + 8, j = w + w - 2. Suppose -p + 7 + w = 0. What is the units digit of p?
7
Let u(s) = s**2 + 2*s + 1. Let j = 25 - 3. Let p be 124/(-44) + (-4)/j. What is the units digit of u(p)?
4
Suppose 4*u + l = 72, 2*u - 3*l = 6*u - 72. What is the tens digit of u?
1
Let o be 2 - 1 - (-3)/(-1). Suppose k = 5*k + 20. Let v = o - k. What is the units digit of v?
3
Suppose -2*t + 37 = -4*w - 3*t, 3*w + 24 = 3*t. Let h = w + 24. What is the tens digit of h?
1
Let g(a) = a**2 - 2*a + 20. What is the units digit of g(11)?
9
Let f = -5 + 11. Let c(j) = j + 10. Let p be c(-8). Let w = f - p. What is the units digit of w?
4
Let n(k) = k**3 - 6*k**2 + 4*k - 2. What is the units digit of n(6)?
2
Suppose -2*n + 5*u + 17 = -8, -u - 13 = -2*n. Suppose -3*a + n*c = -0*c - 14, -2*a + c = -7. What is the units digit of a?
3
Suppose 2*n - 18 = 5*n. Let u(a) = -a**3 - 7*a**2 - 6*a + 6. Let w be u(n). What is the units digit of 2*(-3)/w - -7?
6
Suppose -a + 18 = -4*a. Let s = a + 20. What is the tens digit of s?
1
Suppose 5*b = 4*b + 5. Suppose -25 - 10 = -b*a. What is the units digit of a?
7
Suppose u = 3*p - 12, -u + 6*u + 12 = -p. Suppose 8*i - 40 = p*i. What is the units digit of 2/8 - (-14)/i?
2
Let z(a) = -2*a + 5*a - 39 + 3*a. Let x(w) = -2*w + 13. Let m(p) = 17*x(p) + 6*z(p). What is the units digit of m(9)?
5
What is the tens digit of (5/2)/((-8)/(-656))?
0
Let x(r) = -r**3 + 7*r**2 + 2*r - 10. Suppose 0 = -6*k + k. Suppose k = -3*w + 4*h + 17, 32 = 5*w + 3*h - 6*h. What is the units digit of x(w)?
4
Let k = 18 + -14. What is the units digit of k?
4
Suppose m + 4*a = -m + 180, 3*a = 15. Suppose 0 = -3*f + 5*u - 11 + 36, m = 4*f + 5*u. Let h = f - 8. What is the units digit of h?
7
Let z be 27/5 + (-2)/5. Suppose 2*u - 6*u - 11 = z*o, 11 = u + 4*o. Let s(k) = -k - 1. What is the units digit of s(u)?
8
Let x(c) = 0*c**2 + 1 + 2 + 2*c**2 - 3*c**2 - 6*c. Let t be x(-4). Suppose 0*i = i - t. What is the tens digit of i?
1
Let z(s) = -3*s**3 - 3*s**2 - 2*s + 17. Let f(n) = -n**3 - n**2 - n + 8. Let m(k) = 5*f(k) - 2*z(k). What is the units digit of m(0)?
6
Let j(q) = 2*q**2 - 8*q + 20. What is the tens digit of j(8)?
8
Let i = -74 - -136. What is the units digit of i?
2
Let r(a) = -10*a - 25. What is the units digit of r(-7)?
5
Let t be (1/(-2))/(6/(-36)). Suppose t*o = 2*o. Suppose c = 7 - o. What is the units digit of c?
7
Let i(n) = -5*n + 1. Let m = 9 + -3. Let l = -7 + m. What is the units digit of i(l)?
6
Let a = 8 + -2. Suppose -15 = -a*g + 3*g. Suppose 2*z = -3*w - 5, 23 = g*z + 2*w + 8. What is the units digit of z?
5
Suppose -4*q + 5 = 1. Let n(g) = -9*g**3 + g**2 + g - 1. Let i be n(q). What is the units digit of (-34)/i - (-4)/(-16)?
4
Let q = -41 - -57. What is the units digit of q?
6
Suppose 7*p + 1110 = 12*p. What is the units digit of p?
2
Suppose 1 = -2*x + 3*x. Let h be (8/6 + x)*3. Suppose 2*j = 19 + h. What is the units digit of j?
3
Let w(j) = 35*j**3 + 2*j - 4. What is the tens digit of w(2)?
8
Let k(u) = u**3 + 7*u**2 + 6*u + 4. Let h be k(-6). Let c be -2 - (1 - 0 - h). What is the units digit of (0 - -1)*13/c?
3
Let s(u) = -u**3 + 7*u**2 - 5*u + 9. Let d = 19 + -13. Let n be s(d). Suppose 0 = -h + 4*t + 3, 3*t - n = -9*h + 4*h. What is the units digit of h?
3
Let m be (-384)/(-15) + (-4)/(-10). Suppose 0 = -2*a + m. Suppose a = s - 1. What is the units digit of s?
4
Suppose -446 = -7*y - 68. What is the tens digit of y?
5
Let n(f) = f. Let m be n(-1). Let l be (30/(-9))/(m/6). What is the units digit of (-1)/4 + 185/l?
9
Let h = 270 + -174. What is the tens digit of h?
9
Let k be 40/12 - 1/3. Suppose s = -k*s + 8. What is the units digit of s?
2
Let h(n) = -n**3 - 10*n**2 - 10*n + 1. Let g be h(-9). Suppose -c = 4*c + g, -5*c - 38 = -4*d. What is the units digit of d?
7
Let h = -58 - -106. What is the tens digit of h?
4
Let a = 0 + 4. Suppose -a*r + 28 - 12 = 0. Suppose -r*k = -0*k + t - 28, 0 = 2*t. What is the units digit of k?
7
Let p(s) = s**3 + 9*s**2 + 13. What is the tens digit of p(-8)?
7
Let a(v) = 4*v - 4. Let s be a(6). Suppose -2*m = -m - s. What is the units digit of m?
0
What is the tens digit of 2/14 + (-9956)/(-133)?
7
Let o(w) = w + 2. Let g be o(-4). Let i be (62/g)/(-1) + -2. Suppose 3*t + 2*h - 6*h - i = 0, -31 = -2*t + 5*h. What is the units digit of t?
3
Let i = -34 + 129. What is the tens digit of i?
9
Let m be -7 + (3/3)/1. Let y(b) = -b - 6. Let a be y(m). Suppose 4*d - 29 - 3 = a. What is the units digit of d?
8
Let f = 1 - -1. Let m = 1 - f. Let c = m + 6. What is the units digit of c?
5
Suppose -4*l + 5*l = 7. Suppose 1 + l = 4*g. What is the units digit of g?
2
Let g = 171 + -117. What is the units digit of g?
4
What is the units digit of (-6)/15 - (-402)/30?
3
Let d = 226 + -100. What is the units digit of d?
6
Let r = -4 + 5. Let s = r - -12. What is the tens digit of s?
1
Let w be (-1 - (1 - 2))/3. Suppose -3*i + 50 - 12 = -5*r, -3*i + 2*r + 26 = w. What is the units digit of i?
6
Let 